Suppose 8*n = b + 25. Calculate the remainder when n is divided by (-35)/(-2 + -3)*1.
3
Let z(o) = -o + 22. Let s = -62 - -56. Let q(n) = n**2 + 7*n + 17. Let d be q(s). Calculate the remainder when 43 is divided by z(d).
10
Suppose o + 6*s - 3840 = 0, 15*s = 2*o + 11*s - 7584. Calculate the remainder when o is divided by 106.
94
Suppose -2*p + 55 = -2*b - 3*b, 0 = 5*p + 5*b - 225. Let z = 30 + p. Suppose 60 = 5*r - z. Calculate the remainder when r is divided by 10.
6
Let v be -50 + (3 - (13 - 4)). Calculate the remainder when 196 is divided by -2 - v/(-6 - -7).
34
Calculate the remainder when (3 + (-40)/16)/(2 - 70744/35376) is divided by 185.
176
Let q(j) = 336*j**2 - 144*j + 255. Let a(p) = 21*p**2 - 9*p + 16. Let m(c) = 33*a(c) - 2*q(c). What is the remainder when m(3) is divided by 14?
12
What is the remainder when 299 is divided by ((42/10)/(-7))/((-1)/5)?
2
Suppose -f = 5*d - 515, -5*d - 89 + 604 = 5*f. Calculate the remainder when d is divided by (-6057)/(-405) + (-34)/(-765).
13
Let v(q) = q + 7. Let p be v(10). Suppose 0 = 5*h - d - 70, 0 = -5*h - 2*d + p + 38. Calculate the remainder when 32 is divided by 13 - h - (0 + -20).
12
Suppose 0 = -3*h + 6*h + 4*u - 40, -h + 24 = -4*u. Let a = 5 + 0. What is the remainder when h is divided by a/25 - 24/(-5)?
1
Let g(c) = c**3 - 13*c**2 - 8*c - 26. Let k be g(13). Let y = 246 + k. What is the remainder when y is divided by 40?
36
Suppose -89*o + 2097 + 7159 = 0. What is the remainder when 414 is divided by o?
102
Let i be 8/(-18) + (-6622)/(-198). Suppose 5*t + 4*q = i, -3*t + 31*q + 12 = 36*q. Calculate the remainder when t is divided by (-42)/(-4)*(-2)/(-3).
2
Let b(d) be the second derivative of d**5/20 + d**4/2 - d**3/2 + 3*d**2 - 2*d. Calculate the remainder when b(-4) is divided by 6.
2
Let c = 44 - 26. Let j(t) = -t + 99. Calculate the remainder when j(-7) is divided by c.
16
Suppose -22 - 66 - 52 = -28*c. Calculate the remainder when 50 is divided by c.
0
Let b(f) = -2*f**3 - 23*f**2 - 15*f - 8. Let l be (4/6)/(14/(-231)). Let z = -9 - -116. Calculate the remainder when z is divided by b(l).
35
Let i(g) = -41*g - 1. Let j(c) = -c**3 - 7*c**2 - 2*c - 13. Let b be j(-7). Let z be i(b). Calculate the remainder when z/(6/(-2))*1 is divided by 9.
5
Let a = -45 - -52. Suppose 5*b = a*b - 6. Let m = 24 + -21. What is the remainder when m is divided by b?
0
Let g = 339 + -307. What is the remainder when 146 is divided by g?
18
Let b be (2 + -1)/(3/9). Let h(g) = 16*g - 4. Let p be h(b). Let w = -33 + p. What is the remainder when w is divided by 7?
4
Let l(u) = -30*u**2 + 39 + 56*u**2 - 7*u - 25*u**2 + 50 - 10*u. Suppose 0 = -4*f - 30 + 162. What is the remainder when f is divided by l(8)?
16
Suppose -3*g + 369 = 4*d - d, 0 = -5*g + d + 621. Let b = g - 121. Let z = 29 + -17. What is the remainder when z is divided by b?
0
Suppose 1204 = 39*x - 551. Calculate the remainder when 263 is divided by x.
38
Suppose -33*z - z + 4*z = 0. Suppose -i + 5*f + 66 = z, 0 = 3*i - 2*f - 3*f - 208. What is the remainder when i is divided by ((-3)/(-2))/(4/48)?
17
Let i(v) = v - 34. Let l be i(10). Suppose 2*m - 14 = -4*o, -10*m + 5*m + 21 = 3*o. What is the remainder when ((-2)/4)/(26/l - -1) is divided by m?
0
Suppose -4*p - 55 = -5*t, 0 = -2*t - 2*p + 22 + 18. Let s(z) = -z**2 + 2*z + 86. What is the remainder when s(0) is divided by t?
11
Suppose 12069 + 18392 = 386*v - 303*v. Calculate the remainder when v is divided by 63.
52
Let f = -25 - -28. Suppose -o = 2, 1 = f*x + 2*o - o. Let b(l) = -l**3 + 12*l**2 - 11*l + 2. What is the remainder when b(11) is divided by x?
0
Suppose 2*i = 5*w + 263, -4*w = -5*i + 169 + 38. Let z = -38 - w. Calculate the remainder when 223 is divided by z.
13
Calculate the remainder when (-270)/75 - -3 - (-1578)/5 is divided by 162.
153
Let l(f) = f**2 + 25*f + 224. Let s be l(-10). Suppose 3*r = -4*n + 125, -21*r + 23*r - s = -5*n. What is the remainder when r is divided by (-1 - -4)/(6/20)?
7
Let s = 5745 - 5643. What is the remainder when s is divided by 78?
24
Let r = 221 - 195. What is the remainder when 665 is divided by r?
15
What is the remainder when ((-40932)/135 - 0)*(-5)/2 is divided by 194?
176
Suppose -15*h + 128 = -1327. What is the remainder when 254 is divided by h?
60
Let h(w) = -w**3 - 38*w**2 + 48*w + 397. What is the remainder when 421 is divided by h(-39)?
7
Suppose -4*o + 32 = -0*h + 2*h, 0 = 5*h - 3*o - 80. What is the remainder when 438/8 - 21/28 is divided by h?
6
Let r(x) = -3*x**2 + 2*x + 8. Let h be r(-4). Let l = -42 - h. Suppose -35*y + 40*y = 130. Calculate the remainder when y is divided by l.
2
Let b(s) = 149*s - 1028. What is the remainder when 15583 is divided by b(7)?
13
Suppose 0 = 4*c + 71*y - 74*y - 201, y - 167 = -3*c. Suppose 0 = 4*v - 777 - 79. Calculate the remainder when v is divided by c.
52
Suppose -37*z = -40*z - 291. Let n = -60 - z. Let b = -164 + 183. Calculate the remainder when n is divided by b.
18
Let o be ((-25)/(-3) - 9)/((-2)/870). Let z = -279 + o. What is the remainder when 76 is divided by z?
10
Let k(n) = -n**3 - 12*n**2 + 16*n + 3. Let g(x) = -x**3 - 13*x**2 + 17*x + 3. Let w(y) = 4*g(y) - 5*k(y). Calculate the remainder when 66 is divided by w(-9).
18
Let v(k) = -k - 5*k + 7*k. Let c be v(2). Suppose -c*r + 65 = 1. What is the remainder when r is divided by 7?
4
Let o(q) = 5*q - 23. Let l be o(6). Suppose l - 23 = -3*z + 4*x, 16 = -3*z - 4*x. Suppose z = 3*b + 8*b - 1166. What is the remainder when b is divided by 27?
25
Let x(d) be the second derivative of d**4/12 - 2*d**3 - 9*d**2/2 + 56*d. Calculate the remainder when x(17) is divided by 6.
4
Suppose 5 + 1 = 2*s. Let p = -135 - -70. Let n = p + 68. Calculate the remainder when n is divided by s.
0
Let k(y) = 8*y - 26. Let u be k(4). Suppose -i - 4*m = -27, 5*i + 11*m = u*m + 105. Calculate the remainder when 47 is divided by i.
9
What is the remainder when 491 is divided by (42/(-36) + (-3170)/(-30))*2?
73
Let m = -1189 - -1278. Suppose 3*p + 1079 = 4*w, 0 = 3*w - 5*p - 0*p - 823. What is the remainder when w is divided by m?
88
Suppose -7*x + 4*x + 78 = 0. Let m = 42 - x. Suppose 3*w - 178 = 2*h, 2*w - 4*h - 112 = -6*h. Calculate the remainder when w is divided by m.
10
Let f be 49/(-28) - (-1)/(-4) - -5. Suppose -2*q = -d - 18, d = q + f*d - 19. Calculate the remainder when 37 is divided by q - 0 - (2 + 1).
5
Let b = 1071 - 1022. Suppose 0 = -2*u - u - 15, -2*u = 3*h + 10. Suppose -5*c = -h*c - 50. Calculate the remainder when b is divided by c.
9
Suppose 89 + 55 = 9*b. Suppose -10*r + 6*r = -b. Suppose m - 2*m - 57 = -5*q, -r*q = -3*m - 50. What is the remainder when q is divided by 8?
3
Let l(o) = 45*o + 9. Let h be l(-5). Let z = -195 - h. What is the remainder when 76 is divided by z?
13
Let m(a) = -52*a + 893. Calculate the remainder when 348 is divided by m(16).
43
Suppose 0*l + 236 - 3321 = -5*l. What is the remainder when l is divided by 62?
59
Suppose 5*l = 1740 - 590. Let n(j) = -12*j + 11. Let t be n(-6). Suppose -82*w - l = -t*w. Calculate the remainder when w is divided by 58.
56
Let h = -241 - -241. Suppose 2*q = 0, 4*g - 2*q - 15 - 97 = h. What is the remainder when 81 is divided by g?
25
Suppose -2*q - 424 = -22*q + 196. Calculate the remainder when 2818 is divided by q.
28
Let l(h) = 140*h - 5461. What is the remainder when 849 is divided by l(41)?
12
Let a be 1 + ((-9)/(-6))/((-18)/(-12)). Calculate the remainder when (-36)/30*(-122 - (-4)/a) is divided by 41.
21
Let i = 10 - -11. Let s = 34 - 43. What is the remainder when ((-41)/(-3))/((-3)/s) is divided by i?
20
What is the remainder when (0 - 86)/(-10 + 8) is divided by 3/39 - 2790/(-234)?
7
Suppose 5*o + 9 + 21 = 5*a, 3*o = -4*a - 32. Calculate the remainder when 30 is divided by -2 - -26*((-36)/o)/9.
8
Let z(l) = -9*l**2 + 63*l - 5. Let c be z(7). What is the remainder when 28 is divided by (22/5)/(14/35) - c?
12
Suppose -2*k = 5*j + 748 - 3034, 4*j - 5*k - 1776 = 0. Calculate the remainder when 2275 is divided by j.
5
Suppose 355 = -2*a + 3*k, 167 + 323 = -3*a - 4*k. Calculate the remainder when 37 is divided by a/(-12) + 8/(-48).
9
Let c(l) = l**3 + 13*l**2 - 86*l - 17. Calculate the remainder when c(-15) is divided by 259.
46
Let p be 2 - -154*(-90)/(-12). Suppose 205 = -7*a +